1 + (-3 - -1)
1
(1 - -1) + (-1 - 1)
0
What is (14 - 7) + 1 + -7?
1
What is 3 - -9 - (-20 + 31)?
1
Evaluate (5 - (11 - 7)) + 3.
4
4 + 3 + 4 + -6 + -5
0
Calculate (-7 - (-1 - 6)) + -7.
-7
What is -2 - 1 - (6 + -6)?
-3
26 - (-9 - -20) - 15
0
Evaluate -8 + (1 - -7) + 5.
5
-3 + (-1 + 5 - 1)
0
What is the value of 11 + -22 + 1 + 8?
-2
6 - (6 + -2 - (5 + -2))
5
-3 + 6 + -11 + 11 + -2
1
What is the value of 1 - -5 - (10 + -10 - -12)?
-6
Evaluate (-4 - -3) + -4 - -4.
-1
Evaluate -9 - (4 + -12) - 3.
-4
What is (5 - (-2 - -4)) + -1?
2
Calculate -6 + 6 + 9 + -5.
4
What is the value of 0 + -5 - (4 + -9)?
0
What is -7 + -1 + 7 + -5 + 3?
-3
Calculate -6 - (-3 + (7 - 6)).
-4
What is the value of 3 + (1 - (-8 - -4) - 4)?
4
-2 + (6 - 3 - 9)
-8
Calculate 10 - (8 - (-4 - 0) - 6).
4
What is the value of -2 + 1 + -3 + 3 + 4?
3
Calculate -3 + 9 + 1 + -4.
3
Evaluate (-10 + 12 - 12) + 14.
4
What is the value of 10 + -5 + 0 - (5 + -4)?
4
Evaluate 12 - (-4 + 10) - (-1 + 1).
6
What is the value of (-2 - -4 - (1 - -5)) + 3?
-1
Calculate -3 - (-3 + 4 + -4 - 5).
5
3 + 0 - 6 - -3
0
Calculate (2 - 17) + 12 - -8.
5
0 + 0 + 5 + 2
7
What is the value of -1 + 1 + 1 + -4?
-3
Evaluate -4 - -10 - 1 - (8 - 1).
-2
What is (1 - (-7 - -1)) + -104 + 100?
3
Calculate -4 + 3 + 2 - (1 + -5).
5
What is the value of 58 + -56 - (-2 - -6)?
-2
Calculate -1 + (-8 - (0 - 5)).
-4
Calculate 4 - (6 - 4 - -4).
-2
What is the value of 1 + (-1 - -1 - (6 - 2))?
-3
What is the value of 0 - (2 - (1 - 4 - -3))?
-2
What is the value of (3 - (0 + (-3 - -6))) + -4?
-4
Evaluate 8 + -10 + -1 + 0 + 1.
-2
Calculate 0 - (-10 - -10 - 6).
6
6 - (2 + 2) - -1
3
Evaluate 4 + (-3 - -3) + -3.
1
-4 - ((6 - 4) + -4 + -2)
0
Calculate (-2 + -5 - 2) + -6 + 8.
-7
What is (2 - 5) + -6 + (15 - 11)?
-5
1 - ((13 - 6 - 0) + -3)
-3
(5 - (-12 - -15)) + 4
6
Calculate 4 - ((-11 - -5) + 1 + 13).
-4
Calculate 3 + (-4 - (2 + -9)) + -9.
-3
(30 - 24) + (-3 - 1)
2
What is the value of -3 + (0 - (1 + -6)) + -4?
-2
What is the value of 1 - -7 - 4 - 2?
2
Evaluate -1 - (6 + (-9 - -2)).
0
Calculate -13 + -11 + 12 - (1 + -7).
-6
Calculate 6 + (-14 - -3) - 3.
-8
What is the value of 0 + 3 + -3 + 0 + -3?
-3
What is the value of 1 + -1 + -2 - (3 + -8)?
3
Calculate (-3 - 0) + 4 - (14 + -18).
5
-11 - ((-9 - -5) + (2 - 1))
-8
Evaluate -14 + 9 - -13 - 6.
2
What is 4 + 1 - (4 + -4)?
5
What is (-1 - 0) + 4 + 6 + -6?
3
(2 - 0 - (-12 - -14)) + 4
4
Evaluate (1 + -4 + 0 - -8) + -9.
-4
What is the value of (-24 + 30 - (11 - 1)) + 3?
-1
(-3 - -11 - (8 + -5)) + 4
9
What is -11 - ((4 - 10) + 0)?
-5
What is the value of (-6 + 3 + 4 - 4) + 7?
4
0 + (-6 - (-5 + -5) - -1)
5
What is the value of 7 + -6 - (-1 - (6 + -3))?
5
What is the value of -2 + 9 + -1 + 55 + -57?
4
Evaluate -6 - -15 - 7 - (-1 - -5).
-2
-8 + (6 - 1) - (4 - 3)
-4
What is the value of -2 + 4 + 0 + 0?
2
What is 8 + (5 - 10) + 3 + -1?
5
What is -2 + -1 + -3 - (39 - 42)?
-3
What is the value of 3 - 14 - (5 - 24)?
8
What is 4 - (5 + -5) - (6 - 1)?
-1
Evaluate -3 + (1 - 1) + 0.
-3
What is the value of (-3 - 2) + (3 - -2)?
0
5 + (-9 - -15 - 5)
6
Calculate 3 - ((6 - 2) + (0 - -4)).
-5
What is the value of 6 - 6 - (2 + -3) - 3?
-2
What is the value of 0 + -2 - (3 + -2)?
-3
What is the value of (0 - -5) + 2 + -2 + 0?
5
-1 - -6 - (-3 + 6)
2
What is the value of (-7 - -2) + -39 + 51?
7
What is -3 + 4 + (3 - 8)?
-4
Calculate 1 + (-2 - -12) - (-35 - -41).
5
Evaluate (47 - 58) + (1 - -8).
-2
(-8 - (-5 - 0)) + -3
-6
What is the value of -9 - ((12 - 33) + 12)?
0
Calculate 6 + 4 + 4 + -20.
-6
Calculate -3 + -2 + 3 - (16 + -10).
-8
Evaluate 11 + -4 + -17 + 12.
2
What is 3 - (10 + (0 - 0) - 4)?
-3
What is the value of (-2 + (-5 - -1) - -5) + 4?
3
Calculate (-6 - -3) + (-1 - -4).
0
Calculate -3 - (8 + -1 + -3 + -9).
2
Calculate 6 + (1 - 7 - -1).
1
What is the value of -17 + 17 - (8 - 2)?
-6
-1 + 7 - (-2 - 6 - -8)
6
What is 6 + (1 - 5 - (-4 - -2))?
4
What is (-1 - -1 - 12) + (14 - 6)?
-4
6 + -12 + 7 + -4
-3
What is the value of -12 - (6 + 8 + -17)?
-9
Calculate 8 + -5 + 2 + -6 + 5.
4
Calculate 8 + (8 - 29 - (-10 + 2)).
-5
Calculate 0 + 1 + -7 - (-6 - 1).
1
Calculate -3 + 3 + 3 + 0.
3
(-5 - -1) + (2 - -1)
-1
What is 6 + (6 - (3 + 4))?
5
What is the value of 5 - ((4 - -2) + 4)?
-5
Calculate 8 + (3 - (1 + (4 - 1))).
7
What is the value of 1 - -4 - (-13 + 10)?
8
Evaluate -7 + -5 + 18 + -1.
5
What is 5 + 0 + -18 + 7?
-6
2 - (1 - (-2 - 5))
-6
Calculate (8 - 6) + (-1 - 4).
-3
9 + (-10 - -8) + -13
-6
What is the value of 3 + 14 + -12 - 7?
-2
What is the value of 2 + (2 - (-3 - -9))?
-2
Evaluate 0 - (7 + -8 + 0).
1
What is -3 - -7 - (5 + -1)?
0
What is -6 + 13 + -12 + 9?
4
Calculate -1 - (0 + 3 - 0) - -4.
0
Evaluate 0 - (-1 - (5 - 4 - 1)).
1
Evaluate (-1 - (-5 + 6) - -6) + -2.
2
What is 1 + (4 + -1 - 7)?
-3
Calculate (3 - 10) + 13 + -9.
-3
Evaluate -2 + 2 + -2 - 3 - -1.
-4
Calculate -5 + 2 + (2 - (6 + -3)).
-4
What is (1 - (0 + 7)) + -1?
-7
Calculate 3 + (1 - -1) - (-2 - -6).
1
What is the value of 5 + -4 - (-1 - 0)?
2
What is 4 + (5 + -10 - -6)?
5
Evaluate 5 + (3 - 8) + 3 + 2.
5
What is the value of (0 - 1) + 1 + -2?
-2
What is -9 + (-8 - -3) + 2 + 10?
-2
1 + -1 + 5 + 0
5
Evaluate -1 + 10 + (24 - 8 - 15).
10
Calculate -3 - (-3 + (17 - 10)).
-7
Calculate 0 + (-6 - (1 + -11)).
4
Evaluate (-1 - 2) + -8 + 2 + 5.
-4
(4 - (4 - 1)) + -1 + 0
0
Calculate -6 + 4 - -4 - -1.
3
Calculate -3 - (6 + -4 - 6).
1
What is the value of (16 - (16 + -9)) + -1?
8
What is the value of (13 + -6 - 7) + 7 - 10?
-3
0 + -4 + 5 - 4
-3
What is the value of -9 + (5 - (4 - 6))?
-2
What is the value of (-7 - (2 - 5)) + 1?
-3
Calculate -2 + -6 - -9 - 5 - -8.
4
Evaluate (-13 - 0) + -76 + 95.
6
What is 0 + -14 + 26 + -20?
-8
What is (-1 - 0) + (-18 - -17) + 3?
1
What is the value of 1 - (1 - 1) - (5 - 1)?
-3
Evaluate -7 - (7 + -15) - 2.
-1
Calculate 4 - 2 - -1 - 2.
1
What is -6 - (4 + 2 + -10)?
-2
-3 - (1 - 0 - (-6 - -9))
-1
Calculate (3 - (4 - 10)) + 0.
9
1 + (1 - (4 - 0))
-2
Evaluate -8 + 13 + -3 + -1.
1
2 - 3 - (-1 + 4 + 1)
-5
1 + -2 + 6 - (-10 + 14)
1
11 - (-1 + 1) - (-1 - -8)
4
Evaluate (-12 - (-15 - -10)) + 6.
-1
Evaluate -1 + -2 + 5 + 1 + -7.
-4
Evaluate -1 + (-9 - -5) + 0.
-5
Calculate (4 - 13) + 7 - 2.
-4
Calculate -1 - 1 - (6 - 8 - -3).
-3
Evaluate -2 + -1 - (2 - (3 + -2)).
-4
What is 3 + -1 + 6 + -4?
4
What is -11 - -7 - ((-1 - -1) + -3)?
-1
Evaluate -3 + 0 - (-4 + -3).
4
Calculate (17 - 14) + (-1 - 0).
2
Evaluate 5 - (-1 - (5 - 6)).
5
-6 + 6 + 5 + -9
-4
What is 9 - 8 - (2 + -8)?
7
Evaluate (7 - (2 + 1)) + (1 - -2).
7
What is the value of -74 + 84 - (12 + 0)?
-2
What is the value of 9 + 4 + -11 - 9?
-7
What is -3 - ((-1 - (-2 + 9)) + 5)?
0
What is 4 + -4 - (-8 + 5 + 8)?
-5
Calculate 2 + 1 + 8 - (8 + -2).
5
Evaluate 2 - (1 + 0) - (0 - 1).
2
Calculate -3 + 18 + -5 - 4.
6
1 + -3 + (-4 - -4)
-2
What is 1 + (4 + 0 - 8)?
-3
Evaluate 2 + (-11 - -11) + 0.
2
What is the value of -1 - (1 - -4 - (10 - 6))?
-2
What is the value of -1 - (3 + -3 + -1) - 3?
-3
What is -2 + (7 + 1 + -9 - 1)?
-4
What is the value of 7 + 1 + -4 + 1?
5
What is the value of 7 + -2 + (1 - 3)?
3
What is the value of (-9 - -4) + -8 + 8?
-5
Evaluate 3 + (4 - 4) - (0 + 3).
0
What is the value of -12 + 9 + 2 + 1?
0
2 - (5 + (-5 - -4)) - -3
1
Calculate 0 + -2 - -1 - 1 - 0.
-2
Calculate (-6 - -15) + -17 + 9.
1
Evaluate (-3 - -4) + 0 + -5.
-4
What is (1 - -3) + -3 + (-1 - -3)?
3
3 + 1 - (1 - (2 + -7))
-2
Evaluate 1 - (3 - 0) - (-8 - -6).
0
What is 3 - 3 - (3 + -3 - 0)?
0
0 + -4 - 2 - -4 - -2
0
What is 2 - (0 + (-3 - (2 - 6)))?
1
What is (11 - 6) + -5 - 0?
0
Calculate 2 - (0 - 0 - 2) - 2.
2
What is 2 + -3 + -1 + (1 - -6)?
5
Evaluate -8 + (0 - -15) + -8.
-1
1 + -4 + 2 + -1
-2
What is the value of (7 - (0 - -2)) + -7?
-2
Calculate (1 - -1) + 7 + -5 + -4.
0
What is the value of (6 - 0) + (16 + -7 - 20)?
-5
(1 - 2 - 0) + (-9 - -6)
-4
Evaluate 4 - (9 + (-2 - -1)).
-4
Calculate (-1 - 0) + -5 + (0 - -2).
-4
What is 9 - (8 + (2 - (7 - 5)))?
1
What is the value of (0 - 2 - (-11 + 13)) + 5?
1
What is the value of -6 + (-4 - -12) - 2?
0
0 - 5 - (-4 - (6 - 6))
-1
Calculate -6 + -5 + 6 + 4 - 7.
-8
What is -10 + 1 - 0 - -5?
-4
-12 + 7 - ((-5 - 1) + 0)
1
What is 4 + 2 + (2 - (0 - -4))?
4
Calculate 1 + -11 + (6 - 5).
-9
(6 - (-2 + 5)) + -6
-3
What is 3 - ((-3 - 6) + 3 - -5)?
4
Calculate 1 + -15 + 6 + 10.
2
Evalua